ions digit of 48049134?
4
What is the millions digit of 75264094?
5
What is the units digit of 4562681709?
9
What is the millions digit of 493611965?
3
What is the thousands digit of 213508562?
8
What is the hundred millions digit of 2372430743?
3
What is the tens digit of 3207589518?
1
What is the ten millions digit of 184583507?
8
What is the hundreds digit of 134465966?
9
What is the hundred thousands digit of 1245377975?
3
What is the hundred thousands digit of 225943636?
9
What is the tens digit of 44390309?
0
What is the millions digit of 278698763?
8
What is the hundreds digit of 1057972989?
9
What is the ten millions digit of 37548301?
3
What is the hundreds digit of 290989959?
9
What is the tens digit of 206368132?
3
What is the thousands digit of 267482770?
2
What is the ten millions digit of 103607542?
0
What is the tens digit of 41416448?
4
What is the hundreds digit of 80000752?
7
What is the hundred thousands digit of 21603863?
6
What is the hundred millions digit of 312880256?
3
What is the ten thousands digit of 200617166?
1
What is the ten millions digit of 8035942876?
3
What is the millions digit of 273356242?
3
What is the tens digit of 3837489101?
0
What is the units digit of 41024335?
5
What is the thousands digit of 31558107?
8
What is the tens digit of 542022552?
5
What is the ten millions digit of 19149405?
1
What is the millions digit of 9408028?
9
What is the thousands digit of 589864467?
4
What is the thousands digit of 3889734099?
4
What is the ten millions digit of 74557513?
7
What is the hundreds digit of 154669659?
6
What is the hundred thousands digit of 16871157?
8
What is the hundred thousands digit of 1625022240?
0
What is the hundred thousands digit of 54130795?
1
What is the ten thousands digit of 10564661?
6
What is the ten thousands digit of 572655544?
5
What is the thousands digit of 646265503?
5
What is the hundred thousands digit of 49577493?
5
What is the thousands digit of 362637130?
7
What is the hundred thousands digit of 589197655?
1
What is the thousands digit of 512425620?
5
What is the units digit of 105428784?
4
What is the units digit of 36195120?
0
What is the hundred thousands digit of 63833032?
8
What is the hundred thousands digit of 870007015?
0
What is the hundreds digit of 2464405122?
1
What is the millions digit of 845106548?
5
What is the thousands digit of 149806134?
6
What is the units digit of 4450352775?
5
What is the tens digit of 1568471289?
8
What is the millions digit of 381400476?
1
What is the units digit of 207101026?
6
What is the millions digit of 3247879616?
7
What is the ten millions digit of 1713181696?
1
What is the thousands digit of 3578966?
8
What is the hundred thousands digit of 458843670?
8
What is the units digit of 975549225?
5
What is the units digit of 72274878?
8
What is the ten thousands digit of 202263518?
6
What is the hundred thousands digit of 69358976?
3
What is the thousands digit of 17728385?
8
What is the tens digit of 9153377?
7
What is the hundreds digit of 310470046?
0
What is the units digit of 1944908471?
1
What is the units digit of 3494893517?
7
What is the ten millions digit of 71912076?
7
What is the millions digit of 2102492029?
2
What is the units digit of 3118992?
2
What is the thousands digit of 215803839?
3
What is the hundred millions digit of 383812938?
3
What is the hundred millions digit of 590617874?
5
What is the hundred thousands digit of 108628029?
6
What is the hundreds digit of 434352273?
2
What is the units digit of 180117783?
3
What is the ten thousands digit of 22552339?
5
What is the ten millions digit of 906655279?
0
What is the ten thousands digit of 212011119?
1
What is the units digit of 69718221?
1
What is the millions digit of 45151052?
5
What is the hundreds digit of 2793226648?
6
What is the tens digit of 91370043?
4
What is the ten thousands digit of 89867339?
6
What is the thousands digit of 24425039?
5
What is the ten thousands digit of 319940944?
4
What is the hundreds digit of 93247011?
0
What is the units digit of 84798855?
5
What is the hundreds digit of 141190207?
2
What is the millions digit of 7618098?
7
What is the ten thousands digit of 612952658?
5
What is the ten millions digit of 1213931758?
1
What is the hundred thousands digit of 190782320?
7
What is the ten thousands digit of 60218538?
1
What is the billions digit of 1449683683?
1
What is the hundreds digit of 3691715059?
0
What is the thousands digit of 122624511?
4
What is the millions digit of 236098667?
6
What is the thousands digit of 235360538?
0
What is the ten millions digit of 208956774?
0
What is the tens digit of 157179890?
9
What is the tens digit of 1115081415?
1
What is the hundred millions digit of 1912818417?
9
What is the hundreds digit of 202918500?
5
What is the units digit of 371934314?
4
What is the millions digit of 33350256?
3
What is the tens digit of 185363691?
9
What is the tens digit of 1513862004?
0
What is the units digit of 158296791?
1
What is the ten millions digit of 20380258?
2
What is the hundreds digit of 1215809375?
3
What is the hundred millions digit of 233510435?
2
What is the ten thousands digit of 454661206?
6
What is the units digit of 24286459?
9
What is the ten thousands digit of 16787043?
8
What is the hundred thousands digit of 291257539?
2
What is the ten thousands digit of 418524328?
2
What is the hundreds digit of 1864286671?
6
What is the ten millions digit of 237214955?
3
What is the millions digit of 13511837?
3
What is the ten millions digit of 24009780?
2
What is the hundred millions digit of 216539184?
2
What is the units digit of 169505079?
9
What is the tens digit of 99582327?
2
What is the hundreds digit of 217362114?
1
What is the units digit of 135302411?
1
What is the hundreds digit of 2900991812?
8
What is the hundred thousands digit of 1689399674?
3
What is the units digit of 5909106195?
5
What is the ten thousands digit of 672248303?
4
What is the billions digit of 1007786198?
1
What is the hundred millions digit of 1542745036?
5
What is the ten millions digit of 169721314?
6
What is the hundred millions digit of 239699865?
2
What is the hundred millions digit of 389307594?
3
What is the hundred thousands digit of 68811960?
8
What is the units digit of 1461926460?
0
What is the hundreds digit of 43639558?
5
What is the ten thousands digit of 731397474?
9
What is the units digit of 967380759?
9
What is the ten millions digit of 794178712?
9
What is the hundreds digit of 1997616645?
6
What is the millions digit of 328140690?
8
What is the hundreds digit of 35619066?
0
What is the ten thousands digit of 47486351?
8
What is the thousands digit of 21520004?
0
What is the tens digit of 5750837540?
4
What is the ten thousands digit of 169312498?
1
What is the tens digit of 771421627?
2
What is the thousands digit of 308155341?
5
What is the ten millions digit of 71427731?
7
What is the units digit of 3911164311?
1
What is the hundreds digit of 20799545?
5
What is the hundred thousands digit of 84808641?
8
What is the tens digit of 53019340?
4
What is the thousands digit of 215089396?
9
What is the tens digit of 2307315?
1
What is the hundreds digit of 100905034?
0
What is the millions digit of 588545167?
8
What is the hundred millions digit of 262410650?
2
What is the tens digit of 2056732715?
1
What is the tens digit of 585256977?
7
What is the ten millions digit of 33424137?
3
What is the units digit of 76653883?
3
What is the ten millions digit of 157082100?
5
What is the thousands digit of 1286425375?
5
What is the units digit of 947218369?
9
What is the hundred millions digit of 422344476?
4
What is the hundreds digit of 384355396?
3
What is the units digit of 2775114?
4
What is the ten thousands digit of 41457664?
5
What is the units digit of 234781415?
5
What is the tens digit of 1373145309?
0
What is the thousands digit of 941732228?
2
What is the hundred millions digit of 1651042894?
6
What is the millions digit of 74263727?
4
What is the hundred thousands digit of 1025730382?
7
What is the tens digit of 30208583?
8
What is the ten millions digit of 85440336?
8
What is the units digit of 1019881250?
0
What is the tens digit of 240266121?
2
What is the ten millions digit of 